{"id":12,"date":"2023-04-25T18:39:11","date_gmt":"2023-04-25T16:39:11","guid":{"rendered":"https:\/\/www.leichtathletik-wuppertal.de\/?page_id=12"},"modified":"2024-02-25T15:32:47","modified_gmt":"2024-02-25T14:32:47","slug":"ueber-uns","status":"publish","type":"page","link":"https:\/\/www.leichtathletik-wuppertal.de\/?page_id=12","title":{"rendered":"\u00dcber uns"},"content":{"rendered":"<p>[et_pb_section fb_built=&#8220;1&#8243; make_equal=&#8220;on&#8220; use_custom_gutter=&#8220;on&#8220; gutter_width=&#8220;1&#8243; specialty=&#8220;on&#8220; background_color_2=&#8220;#ffffff&#8220; bg_img_1=&#8220;https:\/\/www.leichtathletik-wuppertal.de\/wp-content\/uploads\/2023\/04\/20220902_PSV_image032-scaled.jpg&#8220; admin_label=&#8220;Header&#8220; _builder_version=&#8220;4.24.2&#8243; use_background_color_gradient=&#8220;on&#8220; background_color_gradient_stops=&#8220;#002d4c 50%|#ffffff 50%&#8220; background_color_gradient_start=&#8220;#002d4c&#8220; background_color_gradient_start_position=&#8220;50%&#8220; background_color_gradient_end=&#8220;#ffffff&#8220; background_color_gradient_end_position=&#8220;0%&#8220; min_height=&#8220;448.4px&#8220; custom_margin=&#8220;||6px|||&#8220; custom_padding=&#8220;0px||0px|||&#8220; animation_style=&#8220;fade&#8220; global_colors_info=&#8220;{}&#8220;][et_pb_column type=&#8220;1_3&#8243; _builder_version=&#8220;4.16&#8243; custom_padding=&#8220;|||&#8220; global_colors_info=&#8220;{}&#8220; custom_padding__hover=&#8220;|||&#8220;][et_pb_divider show_divider=&#8220;off&#8220; _builder_version=&#8220;4.16&#8243; height=&#8220;0px&#8220; height_tablet=&#8220;20vw&#8220; height_phone=&#8220;20vw&#8220; height_last_edited=&#8220;on|phone&#8220; global_colors_info=&#8220;{}&#8220;][\/et_pb_divider][\/et_pb_column][et_pb_column type=&#8220;2_3&#8243; specialty_columns=&#8220;2&#8243; _builder_version=&#8220;4.16&#8243; custom_padding=&#8220;|||&#8220; global_colors_info=&#8220;{}&#8220; custom_padding__hover=&#8220;|||&#8220;][et_pb_row_inner custom_padding_last_edited=&#8220;on|tablet&#8220; _builder_version=&#8220;4.16&#8243; z_index=&#8220;10&#8243; custom_padding=&#8220;6vw|60px|6vw|60px|true|true&#8220; custom_padding_tablet=&#8220;|40px|8vw|40px|false|true&#8220; custom_padding_phone=&#8220;|20px||20px|false|true&#8220; box_shadow_style=&#8220;preset4&#8243; box_shadow_horizontal=&#8220;30vw&#8220; box_shadow_vertical=&#8220;0px&#8220; box_shadow_color=&#8220;#ffffff&#8220; global_colors_info=&#8220;{}&#8220;][et_pb_column_inner saved_specialty_column_type=&#8220;2_3&#8243; _builder_version=&#8220;4.16&#8243; global_colors_info=&#8220;{}&#8220;][et_pb_text _builder_version=&#8220;4.21.0&#8243; text_font=&#8220;Cabin||||||||&#8220; text_text_color=&#8220;rgba(85,101,112,0.8)&#8220; text_font_size=&#8220;16px&#8220; text_line_height=&#8220;1.8em&#8220; header_font=&#8220;Playfair Display|700|||||||&#8220; header_text_color=&#8220;#002d4c&#8220; header_font_size=&#8220;66px&#8220; header_line_height=&#8220;1.1em&#8220; header_3_font=&#8220;Cabin|700||on|||||&#8220; header_3_text_color=&#8220;#bd8f52&#8243; header_3_font_size=&#8220;13px&#8220; header_3_letter_spacing=&#8220;3px&#8220; header_3_line_height=&#8220;1.4em&#8220; max_width=&#8220;36vw&#8220; max_width_tablet=&#8220;90%&#8220; max_width_phone=&#8220;100%&#8220; max_width_last_edited=&#8220;on|tablet&#8220; custom_margin=&#8220;||||false|false&#8220; text_font_size_tablet=&#8220;15px&#8220; text_font_size_phone=&#8220;14px&#8220; text_font_size_last_edited=&#8220;on|phone&#8220; header_font_size_tablet=&#8220;52px&#8220; header_font_size_phone=&#8220;38px&#8220; header_font_size_last_edited=&#8220;on|desktop&#8220; locked=&#8220;off&#8220; global_colors_info=&#8220;{}&#8220;]<\/p>\n<h3>wer sind wir<\/h3>\n<h1>\u00dcber uns<\/h1>\n<p>[\/et_pb_text][\/et_pb_column_inner][\/et_pb_row_inner][et_pb_row_inner make_equal=&#8220;on&#8220; _builder_version=&#8220;4.16&#8243; custom_padding=&#8220;0px||0px||true|false&#8220; global_colors_info=&#8220;{}&#8220;][et_pb_column_inner saved_specialty_column_type=&#8220;2_3&#8243; _builder_version=&#8220;4.16&#8243; global_colors_info=&#8220;{}&#8220;][et_pb_button button_text=&#8220;Eine Seite der Leichtathletik Fachschaft Wuppertal&#8220; button_alignment=&#8220;left&#8220; _builder_version=&#8220;4.21.0&#8243; custom_button=&#8220;on&#8220; button_text_size=&#8220;16px&#8220; button_bg_color=&#8220;#b78448&#8243; button_border_width=&#8220;0px&#8220; button_border_radius=&#8220;0px&#8220; button_letter_spacing=&#8220;1px&#8220; button_font=&#8220;Cabin|700||on|||||&#8220; background_layout=&#8220;dark&#8220; custom_padding=&#8220;104px|20px|32px|20px|false|true&#8220; custom_padding_tablet=&#8220;56px||56px||true|true&#8220; custom_padding_phone=&#8220;24px||24px||true|true&#8220; custom_padding_last_edited=&#8220;on|phone&#8220; global_colors_info=&#8220;{}&#8220;][\/et_pb_button][\/et_pb_column_inner][\/et_pb_row_inner][\/et_pb_column][\/et_pb_section][et_pb_section fb_built=&#8220;1&#8243; admin_label=&#8220;Menu&#8220; _builder_version=&#8220;4.21.0&#8243; background_color=&#8220;rgba(85,101,112,0.08)&#8220; background_image=&#8220;https:\/\/www.leichtathletik-wuppertal.de\/wp-content\/uploads\/2023\/04\/bg_transparent.png&#8220; background_size=&#8220;contain&#8220; background_position=&#8220;top_center&#8220; locked=&#8220;off&#8220; global_colors_info=&#8220;{}&#8220; min_height=&#8220;615.2px&#8220;][et_pb_row _builder_version=&#8220;4.16&#8243; global_colors_info=&#8220;{}&#8220;][et_pb_column type=&#8220;4_4&#8243; _builder_version=&#8220;4.16&#8243; global_colors_info=&#8220;{}&#8220;][et_pb_text _builder_version=&#8220;4.21.0&#8243; _module_preset=&#8220;default&#8220; text_font=&#8220;Cabin||||||||&#8220; global_colors_info=&#8220;{}&#8220;]<\/p>\n<p>&nbsp;<\/p>\n<p>Der <a href=\"https:\/\/stadtsportbund-wuppertal.de\/\" target=\"_blank\" rel=\"noopener\">Stadtsportbund Wuppertal e.V. (SSB)<\/a> wurde am 15.4.1959 gegr\u00fcndet. Seine Aufgaben sind <a href=\"https:\/\/stadtsportbund-wuppertal.de\/satzung_ssb.pdf\" target=\"_blank\" rel=\"noopener\">satzungsgem\u00e4\u00df<\/a><\/p>\n<p>&#8211; F\u00f6rderung der Zusammenarbeit aller Turn- und Sportvereine<br \/>&#8211; F\u00f6rderung der Vereinsarbeit; insbesondere der Jugendarbeit<br \/>\u00fcberfachliche Tagungen, Kurse und Lehrg\u00e4nge f\u00fcr &#8211; Vereinsf\u00fchrungskr\u00e4fte, Jugendleiter(innen), \u00dcbungsleiter(innen) und Organisationsleiter(innen)<br \/>&#8211; Vertretung der Wuppertaler Turn- und Sportbewegung gegen\u00fcber allen Institutionen und den zust\u00e4ndigen st\u00e4dtischen Fachaussch\u00fcssen<br \/>sport\u00e4rztliche und soziale Betreuung<br \/>&#8211; Werbung f\u00fcr und Abnahme der Pr\u00fcfungen f\u00fcr das Sportabzeichen<br \/>&#8211; Kurse und Lehrg\u00e4nge f\u00fcr nicht Vereinsgebundene<\/p>\n<p>Der SSB geh\u00f6rt dem <a href=\"https:\/\/www.lsb.nrw\/\" target=\"_blank\" rel=\"noopener\">Landessportbund Nordrhein \u2013 Westfalen e.V. (LSB)<\/a> an.<\/p>\n<p>Mitglied des SSB k\u00f6nnen alle gemeinn\u00fctzigen Wuppertaler Turn- und Sportvereine werden, die einem vom LSB anerkannten Fachverband angeh\u00f6ren und dem <a href=\"http:\/\/www.bkv-wuppertal.net\" target=\"_blank\" rel=\"noopener\">Betriebssport-Kreisverband Wuppertal e.V.<\/a>.<\/p>\n<p>Die Sportarten sind innerhalb des Stadtsportbundes Wuppertal e.V. in sogenannten \u201eFachschaften\u201c organisiert. Die Mitgliedsvereine in den jeweiligen Sportarten w\u00e4hlen eine\/n Fachschaftsleiter\/in.<\/p>\n<p>Ziel der Fachschaften ist es u.a., f\u00fcr einen regelm\u00e4\u00dfigen Gedankenaustausch zwischen den Vereinsvertretern zu sorgen. Auch sind die Fachschaften verantwortlich f\u00fcr die Ausrichtung der Wuppertaler Stadtmeisterschaften in den einzelnen Sportarten.<\/p>\n<p>Der\/die Fachschaftsleiter\/in ist stimmberechtigtes Mitglied im Hauptausschu\u00df des Stadtsportbundes und der Sportjugend Wuppertal.<\/p>\n<p>Die Gr\u00fcndung der Fachschaft Leichtathletik wurde am 12. April 1983 beschlossen. Fachschaftsleiter waren Hans-Peter Vorsteher (1984 \u2013 1999) und Michael Schmiedel (1999-2003). Helmut Pohl ist Fachschaftsleiter seit 2003.<\/p>\n<p>[\/et_pb_text][\/et_pb_column][\/et_pb_row][\/et_pb_section]<\/p>\n","protected":false},"excerpt":{"rendered":"<p>wer sind wir \u00dcber uns&nbsp; Der Stadtsportbund Wuppertal e.V. (SSB) wurde am 15.4.1959 gegr\u00fcndet. Seine Aufgaben sind satzungsgem\u00e4\u00df &#8211; F\u00f6rderung der Zusammenarbeit aller Turn- und Sportvereine- F\u00f6rderung der Vereinsarbeit; insbesondere der Jugendarbeit\u00fcberfachliche Tagungen, Kurse und Lehrg\u00e4nge f\u00fcr &#8211; Vereinsf\u00fchrungskr\u00e4fte, Jugendleiter(innen), \u00dcbungsleiter(innen) und Organisationsleiter(innen)- Vertretung der Wuppertaler Turn- und Sportbewegung gegen\u00fcber allen Institutionen und den zust\u00e4ndigen [&hellip;]<\/p>\n","protected":false},"author":1,"featured_media":0,"parent":0,"menu_order":0,"comment_status":"closed","ping_status":"closed","template":"","meta":{"_et_pb_use_builder":"on","_et_pb_old_content":"<!-- wp:paragraph -->\n<p>Der <a href=\"http:\/\/www.stadtsportbund-wuppertal.de\/\" target=\"_blank\" rel=\"noreferrer noopener\">Stadtsportbund Wuppertal e.V. (SSB)<\/a> wurde am 15.4.1959 gegr\u00fcndet. Seine Aufgaben sind <a href=\"http:\/\/www.stadtsportbund-wuppertal.de\/satzung_ssb.pdf\" target=\"_blank\" rel=\"noreferrer noopener\">satzungsgem\u00e4\u00df<\/a><\/p>\n<!-- \/wp:paragraph -->\n\n<!-- wp:list -->\n<ul><!-- wp:list-item -->\n<li>F\u00f6rderung der Zusammenarbeit aller Turn- und Sportvereine<\/li>\n<!-- \/wp:list-item -->\n\n<!-- wp:list-item -->\n<li>F\u00f6rderung der Vereinsarbeit; insbesondere der Jugendarbeit&nbsp;<\/li>\n<!-- \/wp:list-item -->\n\n<!-- wp:list-item -->\n<li>\u00fcberfachliche Tagungen, Kurse und Lehrg\u00e4nge f\u00fcr Vereinsf\u00fchrungskr\u00e4fte, Jugendleiter(innen), \u00dcbungsleiter(innen) und Organisationsleiter(innen)&nbsp;<\/li>\n<!-- \/wp:list-item -->\n\n<!-- wp:list-item -->\n<li>Vertretung der Wuppertaler Turn- und Sportbewegung gegen\u00fcber allen Institutionen und den zust\u00e4ndigen st\u00e4dtischen Fachaussch\u00fcssen<\/li>\n<!-- \/wp:list-item -->\n\n<!-- wp:list-item -->\n<li>sport\u00e4rztliche und soziale Betreuung<\/li>\n<!-- \/wp:list-item -->\n\n<!-- wp:list-item -->\n<li>Werbung f\u00fcr und Abnahme der Pr\u00fcfungen f\u00fcr das Sportabzeichen<\/li>\n<!-- \/wp:list-item -->\n\n<!-- wp:list-item -->\n<li>Kurse und Lehrg\u00e4nge f\u00fcr nicht Vereinsgebundene<\/li>\n<!-- \/wp:list-item --><\/ul>\n<!-- \/wp:list -->\n\n<!-- wp:paragraph -->\n<p>Der SSB geh\u00f6rt dem <a href=\"http:\/\/www.lsb-nrw.de\/\" target=\"_blank\" rel=\"noreferrer noopener\">Landessportbund Nordrhein - Westfalen e.V. (LSB)<\/a> an.<br><br>Mitglied des SSB k\u00f6nnen alle gemeinn\u00fctzigen Wuppertaler Turn- und Sportvereine werden, die einem vom LSB anerkannten Fachverband angeh\u00f6ren und dem <a href=\"http:\/\/www.bkv-wuppertal.net\/\" target=\"_blank\" rel=\"noreferrer noopener\">Betriebssport-Kreisverband Wuppertal e.V.<\/a>.<br><br>Die Sportarten sind innerhalb des Stadtsportbundes Wuppertal e.V. in sogenannten \u201eFachschaften\u201c organisiert. Die Mitgliedsvereine in den jeweiligen Sportarten w\u00e4hlen eine\/n Fachschaftsleiter\/in.<br><br>Ziel der Fachschaften ist es u.a., f\u00fcr einen regelm\u00e4\u00dfigen Gedankenaustausch zwischen den Vereinsvertretern zu sorgen. Auch sind die Fachschaften verantwortlich f\u00fcr die Ausrichtung der Wuppertaler Stadtmeisterschaften in den einzelnen Sportarten.<br><br>Der\/die Fachschaftsleiter\/in ist stimmberechtigtes Mitglied im Hauptausschu\u00df des Stadtsportbundes und der <a href=\"http:\/\/sjw.mikosch.net\/\" target=\"_blank\" rel=\"noreferrer noopener\">Sportjugend Wuppertal<\/a>.<br><br>Die Gr\u00fcndung der Fachschaft Leichtathletik wurde am 12. April 1983 beschlossen. Fachschaftsleiter waren &nbsp;<a href=\"http:\/\/www.wuppertal.de\/rathaus\/onlinedienste\/ris\/kp0050.php?__kpenr=373&amp;grnr=1\" target=\"_blank\" rel=\"noreferrer noopener\">Hans-Peter Vorsteher<\/a> (1984 - 1999) und Michael Schmiedel &nbsp;(1999-2003). Helmut Pohl ist Fachschaftsleiter seit 2003.<\/p>\n<!-- \/wp:paragraph -->","_et_gb_content_width":"","footnotes":""},"class_list":["post-12","page","type-page","status-publish","hentry"],"_links":{"self":[{"href":"https:\/\/www.leichtathletik-wuppertal.de\/index.php?rest_route=\/wp\/v2\/pages\/12","targetHints":{"allow":["GET"]}}],"collection":[{"href":"https:\/\/www.leichtathletik-wuppertal.de\/index.php?rest_route=\/wp\/v2\/pages"}],"about":[{"href":"https:\/\/www.leichtathletik-wuppertal.de\/index.php?rest_route=\/wp\/v2\/types\/page"}],"author":[{"embeddable":true,"href":"https:\/\/www.leichtathletik-wuppertal.de\/index.php?rest_route=\/wp\/v2\/users\/1"}],"replies":[{"embeddable":true,"href":"https:\/\/www.leichtathletik-wuppertal.de\/index.php?rest_route=%2Fwp%2Fv2%2Fcomments&post=12"}],"version-history":[{"count":10,"href":"https:\/\/www.leichtathletik-wuppertal.de\/index.php?rest_route=\/wp\/v2\/pages\/12\/revisions"}],"predecessor-version":[{"id":324,"href":"https:\/\/www.leichtathletik-wuppertal.de\/index.php?rest_route=\/wp\/v2\/pages\/12\/revisions\/324"}],"wp:attachment":[{"href":"https:\/\/www.leichtathletik-wuppertal.de\/index.php?rest_route=%2Fwp%2Fv2%2Fmedia&parent=12"}],"curies":[{"name":"wp","href":"https:\/\/api.w.org\/{rel}","templated":true}]}}